 40. Let d = k - b. What are the prime factors of d?
7
Let v = -25 + 7. Let j = v - -7. Let o = 12 - j. List the prime factors of o.
23
Let u be (-4)/(-2 - (-5)/2). Let s = -4 - u. Suppose 5*g - s*g = 3, -33 = -5*y + 4*g. List the prime factors of y.
3
Let j(v) be the third derivative of -v**5/60 + v**4/6 + 6*v**2. Let h be j(3). Suppose 9*x - 276 = h*x. What are the prime factors of x?
2, 23
Suppose -o = 3*q - 12 - 2, 5*q = 5*o - 10. Suppose 2*h = -9 + 33. Suppose 78 = q*k - h. List the prime factors of k.
2, 3, 5
List the prime factors of 2/13 + (-4338060)/(-1105).
2, 13, 151
Suppose -8 = -4*j, 0 = -i + 2*j - 4*j + 344. List the prime factors of i.
2, 5, 17
Let w = 68 - 66. Suppose c - w*x + 0*x - 80 = 0, -x = -4*c + 299. What are the prime factors of c?
2, 37
Let s(x) = x**3 + 9*x**2 + 8*x + 5. Let k be s(-8). Suppose 3*q = k*q - 4. Suppose 5*r + 17 = h + q*r, -8 = -2*r. List the prime factors of h.
29
Let v = 12 - 10. Let i be v*(-4 - -3) + 13. Let j(f) = -f**2 + 13*f + 11. List the prime factors of j(i).
3, 11
Suppose -5*g + 715 = -495. List the prime factors of g.
2, 11
Suppose 548 = -11*a + 15*a. Let l = -56 + a. List the prime factors of l.
3
Let a(v) = v**2 - 9*v + 3. Suppose -4*s - 68 = 4*y, s + 88 = -4*y + 2*s. Let n = y + 30. List the prime factors of a(n).
3
Let n(p) = p**3 + 15*p**2 - 10*p - 8. Let h be n(-14). Suppose 4*v - h = 2*g, 410 = 5*v + 4*g - 9*g. List the prime factors of v.
2, 41
Suppose -4*i = -2*s + 46, 1 = -s - 0. Let k be (-2)/i*-4*-18. Suppose 4 = p - k. What are the prime factors of p?
2
Let v be 2 + (2 - (-4 + 5)). Suppose 0 = -3*m - v*m + 60. What are the prime factors of m?
2, 5
What are the prime factors of 14115/6*(-5 - 135/(-25))?
941
Let r = 11 + -8. Suppose r*m - o - 178 = -2*o, 2*o = -4*m + 234. List the prime factors of m.
61
Let q(f) = -f**3 + 9*f + 17. Let x be q(-5). Suppose 3*l - 295 = -5*r - 4, -l = 4*r - x. List the prime factors of l.
97
Let j(m) be the third derivative of -m**6/120 + m**5/15 + 5*m**4/8 - 3*m**3/2 - 4*m**2. What are the prime factors of j(6)?
3
Suppose 5*u - 15*u + 40 = 0. Suppose 2*s - 945 = -5*a - 3*s, 0 = 2*s + u. List the prime factors of a.
191
Let m(z) = -z**3 - 4*z**2 - 7*z. Let s be m(-5). Suppose -12*c + s = -17*c. What are the prime factors of -3 - (1 + 5*c)?
2, 7
Let v(f) = f**3 - 6*f**2 - 6*f - 5. Let a be v(7). Suppose -2*p - 16 = a*p. Let w = p - -15. What are the prime factors of w?
11
Let u = 4 + 16. Suppose 3*d = 67 + u. Suppose -4*m + d = -35. List the prime factors of m.
2
Let r = 43 + -44. What are the prime factors of 58 + 0 - (r + 0)?
59
Suppose -h - 187 = d, 2*h + d - 581 = 5*h. Let b = -68 - -64. What are the prime factors of 1/3*h/b?
2
Let n(r) = 4*r**2 + 53*r - 143. What are the prime factors of n(-32)?
37, 61
Let s = 9 - 19. Let c be (-34)/51*(1 - (-5)/(-2)). List the prime factors of (-5)/s*c*68.
2, 17
Suppose 3*n + 4*o - o - 1860 = 0, 2*o = -5*n + 3091. What are the prime factors of n?
617
Let r = -28 + 31. Suppose -7*c = -4*b - 2*c + 95, -r*c - 47 = -2*b. Let n = b + -15. What are the prime factors of n?
2, 5
Suppose 14 = 5*u - u - 3*a, 23 = 5*u - a. Suppose -u*r + 34 = 4*h - 0, -24 = -3*h - 3*r. Let w = 8 - h. List the prime factors of w.
2
Let m = -20 - -24. List the prime factors of m*(0 - (-46)/8).
23
Let c(h) = 42*h - 572. What are the prime factors of c(16)?
2, 5
Let f = 176 + -86. List the prime factors of (696/145)/(4/f).
2, 3
Let a = 2762 + -1352. List the prime factors of a.
2, 3, 5, 47
Let i(j) = 1 + 0 + 3*j - 3*j + 4*j. What are the prime factors of i(12)?
7
Suppose -5*t + r = -7775, r = -t + 413 + 1136. List the prime factors of t.
2, 3, 7, 37
Suppose 3*b = -119 - 61. Let i = b + 119. What are the prime factors of i?
59
Let b(s) = s**3 - 2*s**2 - s + 2. Let c be b(2). Suppose -3*p - 4*k = -352, -2*p + k + c*k + 242 = 0. What are the prime factors of p?
2, 3, 5
Let w = -6635 - -11394. What are the prime factors of w?
4759
What are the prime factors of (-90 - -103)/(2/28)?
2, 7, 13
Let b = 7 + -3. Let t(j) = -5*j. Let w be t(0). Suppose -o + 3 = g, -b*o = -5*g - w*o + 51. What are the prime factors of g?
7
Suppose 241 = 3*w - 5*v, 59 = -3*w - 5*v + 250. List the prime factors of w.
2, 3
Let n(k) = -4*k. Let i be n(-1). Suppose 2 = -y - i. List the prime factors of -1 + (-3 - y - -18).
2, 5
Let o = -24 + 28. Suppose k + 5*a - o = a, 3*a + 6 = 0. What are the prime factors of k?
2, 3
Suppose 185691 + 37884 = 55*q. List the prime factors of q.
3, 5, 271
Let v = 43 - -236. List the prime factors of v.
3, 31
Let g = -646 - -1116. List the prime factors of g.
2, 5, 47
Suppose 4*n - 5*n + 4 = 0, 4*m = 5*n - 4. Suppose 5*f = m*f + 84. List the prime factors of f.
2, 3, 7
Suppose 3*h - l - 182 - 84 = 0, -h + 106 = 4*l. Suppose j = -2*j + h. What are the prime factors of j?
2, 3, 5
Suppose 6*j + 18 = 9*j. Suppose 5*v = a - 103, -3*v - 69 = -j*a + 3*a. Let s = v - -36. List the prime factors of s.
2
Suppose -a + 26 = -70. Let k = -32 + a. What are the prime factors of k?
2
Let k be 10 + (-2 - (-6)/3). Suppose -2*f + 2 = -u, 0 = -5*f + 4*u - 2 + k. Suppose f = -h + 3*j + j + 5, -25 = -5*h - 4*j. What are the prime factors of h?
5
Suppose 0 = z + 5, 0*z - 2*z = 4*w - 206. What are the prime factors of 3*w/4*2?
3
Let r = -195 + 283. Let c = r + -58. List the prime factors of c.
2, 3, 5
Suppose 0 = -4*q + 2 - 18. Let h = q - -9. What are the prime factors of h?
5
Suppose -16 = 12*c - 8*c. Let t(f) = -4*f**3 - 8*f**2 - 6*f - 3. What are the prime factors of t(c)?
149
Let t(y) = -y + 10. Let i be t(6). Suppose -o - 88 = i*w, -w - w - 54 = 3*o. Let v = w - -26. What are the prime factors of v?
5
Suppose 21*r - 54*r = -113487. List the prime factors of r.
19, 181
Let h be 1/1 + 1*3. Suppose 12 = 26*x - 22*x. Suppose 3*k = -x*z + z + 24, -k + 28 = h*z. List the prime factors of z.
2, 3
Suppose -2*v + 1246 = 2*l, 1211 + 1276 = 4*v + 5*l. What are the prime factors of v?
2, 157
Let q(s) be the third derivative of 2*s**5/15 - s**4/8 + s**3/2 - s**2. Suppose -9 = -3*b - 3*f, -2*b + 4*f + 7 = 7*f. What are the prime factors of q(b)?
29
Let w(j) = j**3 + 8*j**2 - 30*j - 18. List the prime factors of w(-9).
3, 19
Suppose -14*r + 533 = -13*r. List the prime factors of r.
13, 41
Let i = 41 - 39. List the prime factors of (157 - (-3 + 6))/i.
7, 11
Let l(n) be the third derivative of n**5/30 - 13*n**4/24 + 31*n**3/6 - 34*n**2. What are the prime factors of l(15)?
2, 11, 13
Let s = -794 + 188. What are the prime factors of ((-4)/6)/(2/s)?
2, 101
Suppose 4*f - 3*g + 1 = -4*g, 5*g + 21 = -4*f. Let z(q) = -f - 4 - 9*q + 3. What are the prime factors of z(-3)?
5
Suppose -4*u = u - 15. Let m be 3/(((-4*3)/(-4))/4). Suppose 35 = -u*g + m*g. List the prime factors of g.
5, 7
Let p be 2*(4 - 5/2). Let u(l) = l**3 - 8*l**2 + 9*l - 7. Let o be u(7). Suppose o*y = p*y + 88. List the prime factors of y.
2, 11
Suppose -3*a = -0*a + d - 9, 4*a - 3*d = -1. Suppose 5*g - a - 8 = 0. What are the prime factors of g?
2
Let m be 168/5 + 6/15. Let j = 129 + -98. Suppose 5*u - m = j. List the prime factors of u.
13
Let s(w) be the third derivative of w**5/60 + w**4/12 + 23*w**3/2 + 13*w**2. List the prime factors of s(0).
3, 23
Suppose -3*q + 11 = -2*k + 34, -2*q = k - 1. Suppose a - k = -0. Suppose -5*h = -20, 3*z + 3*h = a*h - 7. List the prime factors of z.
3
Let n = 55 + -33. Let a = -42 + n. Let u = a - -53. What are the prime factors of u?
3, 11
What are the prime factors of 406/(1 - 0) - -4?
2, 5, 41
Let a = 49 - -500. What are the prime factors of a?
3, 61
Let p = -134 - -257. Suppose 182 + p = 5*g. Suppose g = -3*a + 4*a. List the prime factors of a.
61
Suppose 5*v - 4*h = 438, 4*v - 2*h - 197 = 151. Let l = 58 - v. Let d = l + 42. What are the prime factors of d?
2, 7
Let w(c) = 2*c**2 + c + 264. Let z be w(0). Suppose 0 = -2*q + 5*h + 87, h = -5*q - 2*h + z. What are the prime factors of q?
3, 17
Suppose 4*o - 542 = 2*n, 4*n - 46 - 220 = -2*o. Let c be ((-18)/5)/((-6)/o). Suppose 6*j - c = 3*j. What are the prime factors of j?
3
Let k = 18 + 9. Suppose m - 18 = -5*d - 0*d, -5*m - 4*d = -k. Suppose -m*s + 53 = -55. What are the prime factors of s?
2, 3
What are the prime factors of (-1404)/182*(-14)/4?
3
Suppose 0 = -3*h + 4*v + 826, 3*v + 13 - 1 = 0. Suppose -178 = -7*p + h. L